32 a multiple of 9?
False
Is 235 a factor of 27464920?
True
Is 3552252 a multiple of 4?
True
Is 7946523 a multiple of 316?
False
Does 269 divide 2379708749?
False
Is 207 a factor of 1519738183?
False
Does 604 divide 4720962167?
False
Is 889965827 a multiple of 14?
False
Is 714659274 a multiple of 9?
True
Does 79 divide 167778225?
True
Does 52 divide 2621885?
False
Is 16 a factor of 1614163920?
True
Does 430 divide 28086321?
False
Is 9358104 a multiple of 24?
True
Does 54 divide 220414500?
True
Is 298152828 a multiple of 6?
True
Does 238 divide 450108902?
False
Does 259 divide 59555237?
True
Is 29643328 a multiple of 328?
True
Does 17 divide 1267083289?
False
Does 2139 divide 189250164?
True
Does 7 divide 250238317?
True
Is 2502100768 a multiple of 2542?
True
Is 18 a factor of 201840984?
True
Is 23183677 a multiple of 394?
False
Is 31182690 a multiple of 10?
True
Is 19 a factor of 8410635?
True
Does 43 divide 36554214?
True
Does 403 divide 57097105?
False
Is 98016018 a multiple of 261?
False
Does 14 divide 494119052?
True
Is 42242073 a multiple of 19?
True
Does 4 divide 8750485?
False
Is 8 a factor of 768328248?
True
Does 13 divide 11694671?
False
Does 53 divide 397046479?
True
Does 24 divide 15136056?
True
Is 140 a factor of 251156526?
False
Is 43 a factor of 20890346?
True
Is 45904456 a multiple of 11?
False
Does 205 divide 34034228?
False
Does 159 divide 1974389973?
True
Is 280737013 a multiple of 1319?
False
Is 1270 a factor of 486677970?
True
Is 10 a factor of 2027678?
False
Is 480 a factor of 14060640?
True
Is 1992768212 a multiple of 2234?
True
Is 174628075 a multiple of 289?
False
Does 84 divide 4959192?
True
Is 351817162 a multiple of 634?
False
Is 1552 a factor of 1959281002?
False
Is 1713 a factor of 4373289?
True
Is 465857392 a multiple of 28?
True
Is 55638254 a multiple of 14?
True
Is 110 a factor of 422679989?
False
Is 265443676 a multiple of 1153?
False
Is 15034563 a multiple of 733?
True
Does 2854 divide 794379506?
True
Is 1367 a factor of 41323368?
False
Is 8 a factor of 1412268231?
False
Is 4059 a factor of 780241275?
True
Does 209 divide 193967884?
True
Is 8026883 a multiple of 173?
False
Is 6645506859 a multiple of 1259?
True
Is 1855 a factor of 1131288445?
True
Is 355 a factor of 134372115?
True
Is 389 a factor of 83465902?
False
Is 19354800 a multiple of 254?
True
Does 151 divide 7936523?
False
Is 422546960 a multiple of 22?
True
Is 17 a factor of 139576319?
False
Is 427 a factor of 70194621?
False
Is 3574726 a multiple of 2237?
True
Does 2 divide 8848790?
True
Is 13 a factor of 11663522?
True
Does 153 divide 1511479044?
True
Is 42486350 a multiple of 10?
True
Is 432 a factor of 38201328?
True
Is 10836 a factor of 333018543?
False
Is 13 a factor of 177623495?
False
Is 23 a factor of 1917566?
False
Does 4 divide 10845921?
False
Does 51 divide 16078872?
True
Does 3 divide 13384044?
True
Is 22 a factor of 41728171?
False
Is 268721712 a multiple of 912?
True
Is 11 a factor of 285041174?
True
Does 291 divide 1432884?
True
Does 2491 divide 505466247?
True
Does 1076 divide 16320768?
True
Is 55 a factor of 910361586?
False
Does 368 divide 2638560?
True
Is 266589247 a multiple of 1381?
False
Does 66 divide 170439275?
False
Is 845971932 a multiple of 60?
False
Is 7642 a factor of 425575338?
True
Is 1537078050 a multiple of 225?
True
Is 49 a factor of 35976382?
False
Is 61 a factor of 416323719?
True
Does 86 divide 191922760?
True
Does 57 divide 293460371?
False
Is 41051481 a multiple of 4?
False
Does 2817 divide 1235696769?
True
Is 9 a factor of 10696131?
True
Does 10 divide 227852381?
False
Is 2110 a factor of 154407795?
False
Does 44 divide 283342722?
False
Does 2 divide 60212226?
True
Is 233677 a multiple of 11?
False
Is 36846704 a multiple of 333?
False
Is 22640178 a multiple of 81?
False
Is 4 a factor of 653347?
False
Is 1280 a factor of 93934080?
True
Is 27 a factor of 4175064?
True
Is 8 a factor of 264116987?
False
Is 13 a factor of 154922172?
False
Is 50758336 a multiple of 15?
False
Is 264091054 a multiple of 33?
False
Does 33 divide 31906677?
True
Does 207 divide 50231862?
True
Is 381 a factor of 45663231?
True
Does 7 divide 85040262?
False
Is 1634 a factor of 859448020?
False
Is 2558539739 a multiple of 22?
False
Is 36 a factor of 25790328?
True
Does 144 divide 213577311?
False
Is 4395 a factor of 435755460?
True
Is 14 a factor of 1640416680?
True
Is 140 a factor of 459963140?
True
Is 2299 a factor of 655251784?
True
Is 98590266 a multiple of 675?
False
Does 105 divide 23315393?
False
Is 511496487 a multiple of 411?
True
Is 272165108 a multiple of 1851?
False
Is 879 a factor of 85698984?
True
Does 78 divide 32798278?
False
Is 23080680 a multiple of 27?
True
Is 5851 a factor of 248649060?
False
Does 367 divide 312148914?
True
Is 691065984 a multiple of 48?
True
Is 68 a factor of 895119224?
True
Is 4495 a factor of 201652673?
False
Is 5325444752 a multiple of 24?
False
Does 879 divide 17605126?
False
Does 51 divide 26351147?
False
Is 6 a factor of 40673790?
True
Is 2068504928 a multiple of 28?
True
Is 92 a factor of 47538976?
True
Is 143 a factor of 92199536?
True
Is 2 a factor of 1781030?
True
Is 32 a factor of 44616960?
True
Is 3036 a factor of 1344322584?
True
Is 20 a factor of 15428400?
True
Does 13 divide 114548928?
True
Is 15 a factor of 185414760?
True
Is 3147 a factor of 318246669?
True
Is 60 a factor of 97016880?
True
Does 1314 divide 47085407?
False
Is 49 a factor of 262692430?
True
Is 6795 a factor of 564059745?
True
Is 67 a factor of 9565986?
False
Does 507 divide 1145644533?
False
Is 232 a factor of 447885608?
False
Does 26 divide 68579056?
True
Is 6 a factor of 82724076?
True
Is 512044341 a multiple of 79?
False
Is 22881004 a multiple of 112?
False
Is 21 a factor of 6601162?
False
Does 58 divide 45568976?
True
Does 21 divide 104273189?
False
Is 5 a factor of 89901300?
True
Does 165 divide 31916775?
True
Is 360034 a multiple of 4?
False
Does 7 divide 760782119?
False
Is 23 a factor of 805017802?
True
Does 1232 divide 2203773264?
True
Is 2243 a factor of 102112575?
True
Is 106 a factor of 102250250?
True
Does 241 divide 52407420?
False
Is 69 a factor of 10133085?
False
Is 31432645 a multiple of 113?
True
Is 2 a factor of 2346819?
False
Is 487565760 a multiple of 16?
True
Is 12 a factor of 77710956?
True
Is 941446826 a multiple of 3386?
True
Does 2767 divide 676393150?
True
Is 774 a factor of 283352177?
False
Is 45 a factor of 4998635?
False
Is 776 a factor of 24733306?
False
Does 49 divide 965050379?
False
Is 32 a factor of 711821154?
False
Is 92 a factor of 8805228?
True
Is 478 a factor of 526639705?
False
Does 144 divide 833111424?
True
Does 292 divide 63071677?
False
Is 3520 a factor of 133149022?
False
Is 942 a factor of 4197726408?
False
Is 916 a factor of 53147130?
False
Is 193836088 a multiple of 14?
False
Is 1006324170 a multiple of 2945?
True
Is 201694559 a multiple of 89?
True
Is 5 a factor of 471695550?
True
Is 61 a factor of 739003548?
False
Does 320 divide 46803337?
False
Does 1253 divide 230304824?
False
Does 898 divide 35549126?
True
Is 2 a factor of 26899531?
False
Does 2492 divide 58477272?
True
Does 977 divide 111471057?
False
Does 5526 divide 3223818666?
True
Is 5489613 a multiple of 29?
True
Does 88 divide 86746274?
False
Is 1071 a factor of 919225377?
True
Does 173 divide 39319681?
False
Is 538 a factor of 120329362?
False
Is 844134500 a multiple of 23?
True
Is 202534956 a multiple of 487?
False
Does 440 divide 21719280?
True
Is 12 a factor of 641595869?
False
Is 21820887 a multiple of 101?
False
Is 30591327 a multiple of 26?
False
Is 205 a factor of 303220602?
False
Is 14299467 a multiple of 138?
False
Does 138 divide 2949336?
True
Does 6 divide 65066101?
False
Does 1951 divide 58487078?
True
Does 230 divide 313731530?
False
Does 144 divide 97540923?
False
Is 15001420 a multiple of 104?
False
Is 450 a factor of 385149150?
True
Is 4258255 a multiple of 8?
False
Does 114 divide 31900392?
True
Is 8996237 a multiple of 377?
False
Is 19 a factor of 84143089?
False
Does 1373 divide 2163360585?
True
Is 2796 a factor of 312915473?
False
Is 120 a factor of 848270099?
False
Is 41 a factor of 2854837831?
True
Is 168 a factor of 256775568?
True
Is 1070 a factor of 518825880?
True
Is 12 a factor of